t common factor of 381 and 1397?
127
Calculate the highest common divisor of 36 and 2007.
9
What is the highest common factor of 12644 and 406?
58
Calculate the greatest common factor of 66 and 1683.
33
What is the highest common divisor of 81 and 9?
9
Calculate the greatest common divisor of 3952 and 133.
19
What is the highest common divisor of 616 and 77?
77
Calculate the greatest common factor of 289 and 51.
17
What is the greatest common factor of 36 and 69?
3
Calculate the greatest common divisor of 2716 and 56.
28
Calculate the highest common divisor of 22 and 11.
11
What is the greatest common factor of 38 and 171?
19
Calculate the highest common factor of 39087 and 18.
9
Calculate the highest common divisor of 6 and 62.
2
Calculate the highest common factor of 10412 and 114.
38
Calculate the greatest common factor of 31954 and 26.
26
What is the highest common divisor of 10689 and 21?
21
What is the greatest common factor of 60 and 645?
15
Calculate the greatest common factor of 89 and 979.
89
What is the highest common factor of 30 and 126?
6
What is the highest common factor of 142 and 54954?
142
Calculate the greatest common factor of 1961 and 53.
53
What is the greatest common divisor of 115 and 23?
23
What is the highest common divisor of 390 and 78?
78
What is the greatest common factor of 8625 and 125?
125
What is the highest common factor of 26 and 18?
2
Calculate the greatest common divisor of 45 and 63.
9
What is the highest common divisor of 855 and 135?
45
Calculate the greatest common divisor of 176 and 488.
8
Calculate the highest common divisor of 484 and 176.
44
Calculate the greatest common factor of 996 and 12.
12
What is the greatest common factor of 84 and 903?
21
Calculate the highest common factor of 5040 and 10.
10
What is the highest common divisor of 7828 and 38?
38
Calculate the greatest common factor of 8181 and 243.
81
What is the highest common factor of 1 and 29?
1
Calculate the highest common divisor of 3223 and 11.
11
Calculate the greatest common divisor of 371 and 901.
53
Calculate the highest common factor of 20045 and 95.
95
Calculate the greatest common factor of 58083 and 57.
57
Calculate the greatest common factor of 640 and 4040.
40
What is the greatest common factor of 45 and 9?
9
What is the highest common factor of 18112 and 192?
64
Calculate the highest common factor of 2976 and 96.
96
What is the greatest common factor of 28 and 1246?
14
Calculate the highest common divisor of 15 and 210.
15
Calculate the greatest common divisor of 34 and 493.
17
What is the highest common divisor of 9462 and 76?
38
What is the highest common divisor of 45 and 1665?
45
What is the greatest common divisor of 7 and 503?
1
What is the greatest common factor of 270 and 170?
10
What is the highest common divisor of 7869 and 129?
129
What is the highest common factor of 1692 and 36?
36
Calculate the highest common factor of 2 and 128.
2
What is the highest common factor of 324 and 900?
36
Calculate the greatest common factor of 40 and 55.
5
What is the greatest common divisor of 68 and 212?
4
Calculate the greatest common divisor of 68 and 16.
4
Calculate the greatest common divisor of 21 and 84.
21
Calculate the greatest common factor of 118087 and 449.
449
Calculate the highest common factor of 117 and 8268.
39
What is the highest common divisor of 3440 and 80?
80
Calculate the highest common divisor of 416 and 32.
32
What is the highest common factor of 5 and 365?
5
What is the highest common factor of 625 and 5?
5
Calculate the greatest common factor of 602 and 35.
7
What is the highest common factor of 1550 and 11470?
310
What is the greatest common factor of 105 and 840?
105
Calculate the greatest common factor of 52 and 6552.
52
What is the highest common divisor of 11 and 3157?
11
What is the greatest common factor of 102 and 986?
34
What is the greatest common factor of 45 and 15?
15
What is the highest common factor of 170 and 34?
34
What is the highest common divisor of 7 and 329?
7
Calculate the highest common factor of 5490 and 244.
122
Calculate the highest common factor of 84 and 24.
12
Calculate the highest common divisor of 51 and 4029.
51
What is the greatest common divisor of 328 and 41?
41
What is the greatest common factor of 345 and 115?
115
Calculate the greatest common divisor of 13952 and 109.
109
Calculate the highest common factor of 368 and 230.
46
What is the highest common factor of 255 and 15?
15
Calculate the highest common divisor of 6937 and 14.
7
What is the greatest common factor of 14 and 196?
14
What is the greatest common divisor of 8154 and 54?
54
Calculate the highest common factor of 714 and 98.
14
Calculate the highest common divisor of 154 and 14707.
77
Calculate the greatest common divisor of 15 and 9.
3
What is the greatest common factor of 320 and 270?
10
Calculate the greatest common factor of 1120 and 1280.
160
What is the greatest common factor of 6 and 942?
6
What is the greatest common factor of 104 and 18044?
52
What is the highest common factor of 400 and 25?
25
Calculate the greatest common divisor of 416 and 351.
13
Calculate the greatest common factor of 16 and 256.
16
Calculate the greatest common divisor of 123 and 26855.
41
Calculate the greatest common divisor of 527 and 217.
31
Calculate the highest common divisor of 10 and 7330.
10
Calculate the highest common divisor of 646 and 34.
34
What is the greatest common factor of 624 and 39?
39
What is the highest common divisor of 10 and 30?
10
What is the highest common divisor of 825 and 125?
25
What is the highest common divisor of 10395 and 70?
35
What is the highest common factor of 144 and 42?
6
What is the highest common divisor of 132 and 231?
33
What is the greatest common factor of 27 and 45?
9
Calculate the highest common factor of 104 and 260.
52
What is the greatest common divisor of 78 and 390?
78
Calculate the highest common divisor of 168 and 1848.
168
What is the highest common divisor of 106 and 265?
53
What is the highest common divisor of 2035 and 55?
55
What is the highest common factor of 30 and 405?
15
What is the greatest common divisor of 54 and 50?
2
Calculate the greatest common divisor of 160 and 96.
32
What is the highest common factor of 625 and 50?
25
Calculate the highest common divisor of 24 and 132.
12
Calculate the greatest common factor of 14 and 1834.
14
Calculate the greatest common factor of 136 and 85.
17
Calculate the highest common divisor of 39 and 143.
13
Calculate the greatest common divisor of 1025 and 41.
41
What is the highest common factor of 328 and 40?
8
Calculate the greatest common factor of 47020 and 20.
20
Calculate the greatest common factor of 44 and 92.
4
What is the highest common factor of 190 and 90?
10
Calculate the greatest common divisor of 75 and 500.
25
What is the greatest common divisor of 59959 and 34?
17
What is the highest common divisor of 10 and 16?
2
What is the highest common divisor of 539 and 14?
7
What is the highest common divisor of 1834 and 84?
14
What is the greatest common factor of 545 and 981?
109
Calculate the greatest common factor of 55 and 135.
5
What is the highest common divisor of 533 and 13?
13
Calculate the highest common factor of 583 and 506.
11
What is the greatest common divisor of 1190 and 2125?
85
Calculate the greatest common divisor of 9 and 34227.
9
What is the highest common factor of 6734 and 39?
13
Calculate the highest common divisor of 176 and 2896.
16
What is the highest common factor of 231 and 21?
21
What is the greatest common divisor of 5115 and 1155?
165
Calculate the highest common factor of 108 and 9126.
54
Calculate the highest common divisor of 2982 and 126.
42
Calculate the highest common factor of 238 and 70.
14
What is the greatest common divisor of 78 and 338?
26
What is the highest common factor of 30458 and 314?
314
Calculate the greatest common factor of 774 and 344.
86
What is the greatest common factor of 156 and 108?
12
What is the highest common divisor of 14448 and 48?
48
Calculate the greatest common factor of 9 and 42561.
9
Calculate the greatest common divisor of 872 and 2943.
109
Calculate the greatest common divisor of 52 and 299.
13
Calculate the greatest common factor